at is the units digit of (4/(-10))/((-2632431)/(-19744515) - (-10)/(-75))?
6
Suppose -4*w + 4 = -2*n, w = 2*n - 0*n + 1. Suppose n*k = 4*m + 4*k + 48, -2*m - 24 = -k. What is the hundreds digit of (-47*1/(-3))/(m/(-108))?
1
Let l = -7646 - -11073. What is the hundreds digit of l?
4
Let u = -215 + 575. Suppose 4*c = 5*z + 475, 3*z = 3*c - 2*z - u. What is the hundreds digit of 3/1 + c/1?
1
Suppose -27*q + 143*q + 15*q = 1644836. What is the thousands digit of q?
2
What is the units digit of ((-14)/56)/((-4)/64) - -12671?
5
Let f be (1358/(-4))/((-19)/190). Let v be (f/15 + 6)/((-1)/(-3)). Suppose -4*l + 566 = 5*y, -y = 5*l - 0*y - v. What is the units digit of l?
9
Let g(n) = 24*n + 87. Let d(i) = -i - 1. Let o(p) = -2*d(p) - g(p). What is the hundreds digit of o(-28)?
5
Suppose -27 = 3*y, 3*r + 396*y - 69408 = 399*y. What is the hundreds digit of r?
1
Let d = 9128 - -1404. What is the hundreds digit of d?
5
Let g(n) = -41*n - 912. Let h be g(-18). Suppose 4 = -f, 214 = -3*w - 3*f + 1075. Let c = h + w. What is the hundreds digit of c?
1
Let t(f) = -5*f**2 + 6 - f - 4*f + 3*f + 3*f**2. Let d be t(-5). Let y = 48 - d. What is the tens digit of y?
8
Suppose -3*d = -3*y - 15, -y - 2*y = 4*d + 8. Suppose 0 = -5*x + l - 15, l = -4*x - 2 - d. What is the hundreds digit of x/(-20)*2 + 13935/75?
1
Let w(r) = r**2 - 6*r - 2. Let q be w(7). Suppose 0 = s - l + 3, -2*s - l = -4*l + 9. Suppose -2*f + 8 = s, 0*t + t = -q*f + 142. What is the tens digit of t?
2
Let s = 315 - 300. Let l(a) = -a**3 + 23*a**2 - 62*a - 29. What is the units digit of l(s)?
1
Suppose 8*m = 3*m + 875. Let x = -17 + m. Suppose -4*n + 96 = 5*o - 86, 3*n = 4*o - x. What is the tens digit of o?
3
Let n be 2 - (2 + -7 + -2493). Let a = n + -1423. What is the thousands digit of a?
1
Let s(j) = -j**3 + 4*j**2 + 3*j - 8. Let x be s(4). Suppose 0 = -x*f - 6 + 26. Suppose -f*l - 4*t = -193, 2*t = -0*t + 4. What is the tens digit of l?
3
Let a(z) = 114*z - 22. Suppose -10*m + 16*m - 18 = 0. What is the units digit of a(m)?
0
Suppose -28 + 203 = 5*q. Suppose -5*a - 6 = 4*s - q, 0 = -2*a - s + 11. Suppose -p + 1 = 5*i, -p = -a*i - 52 + 1. What is the tens digit of p?
2
Let d(u) = 1325*u**3 + 7*u**2 - 8*u + 12. What is the tens digit of d(2)?
2
Let n(r) = 97*r - 56. Let m(u) = 94*u - 55. Let f(x) = -3*m(x) + 4*n(x). What is the hundreds digit of f(2)?
1
Let c(q) = 337*q**3 - 164*q**3 - 167*q**3 + 10 - q**2 - 6*q**2 - 4*q. What is the tens digit of c(3)?
9
Suppose -15*k = -4*k + 22. Let i be 16/k + 0 + 5. What is the tens digit of ((-20)/i)/1*(-4536)/(-135)?
2
Suppose -j + 366 = -2511. Suppose -3*s = 3*x - j, -4*x + 4*s = -0*s - 3868. What is the hundreds digit of (8/12)/(3/(x/2))?
1
What is the tens digit of 3654 - -1*(28/35 + (-3)/(-15))?
5
Let i(b) = 21*b**2 + 6*b + 7. Let l be i(-3). Suppose -5*v - 33 + l = -5*k, 108 = 3*v + 4*k. What is the units digit of v?
2
Suppose k = -3*j + 12, -k - j - 4 + 16 = 0. Suppose 0 = a + t + 8, -a + 2*t - k = 4*a. Let r(p) = -5*p - 1. What is the tens digit of r(a)?
1
Suppose 2*i + 414 = 5*i. Let p(m) = 3*m**2 - 2*m + 2. Let h be p(2). What is the tens digit of i/2 + (h - 11)?
6
Suppose -7*r = 336 + 28. Let y = r - -42. What is the tens digit of (-1*(-89)/5)/((-2)/y)?
8
Let u = 46 - 43. Suppose -u*i + 10*i = 406. Let l = i - 9. What is the units digit of l?
9
Let g(w) = 49*w + 1. Let q be g(1). Suppose -10*t - 3*t + 676 = 0. Suppose 6*u - t = q. What is the units digit of u?
7
Let c = 169 - 167. Let k(x) = 67*x**2 + 6*x - 8. What is the tens digit of k(c)?
7
Suppose -3*z - 12 = 5*u - 2*u, -u + 4 = -z. Suppose u = -2*b + 4*o - o + 901, 0 = -3*o - 9. What is the tens digit of b?
4
Suppose 3*x = 4*s + 312, -s - 69 = -3*x - 0*x. Let q = -11 - s. What is the units digit of q?
0
Let x(v) = v**3 + 18*v**2 + 8*v - 15. Let l be x(-8). Let i = l - 220. What is the tens digit of i?
4
Suppose -j + 5984 = 3*i, 2*i = -4*j + 19100 + 4776. What is the hundreds digit of j?
9
Suppose m = -3*o + 1213, -4*m - 3*o = -5*m + 1183. What is the hundreds digit of m?
1
Suppose -g = -2*q - 6821 - 1767, -24 = -4*q. What is the thousands digit of g?
8
Let r = 117 - 61. What is the units digit of (-20)/((r/(-348))/7)?
0
Suppose 7 - 53 = -2*y. Let o = y + -19. Suppose -o*v - 4*v + 824 = 0. What is the units digit of v?
3
Suppose -5*v = 4*c - 119514, -2*c - 49*v = -47*v - 59754. What is the hundreds digit of c?
8
Let b(n) be the first derivative of -8 - 3*n + 41/2*n**2. What is the units digit of b(1)?
8
Let w(a) = 5*a**2 + 11*a - 17. Suppose 7*n - 10 = 8*n. Let v be w(n). Suppose 12*m - 2243 - v = 0. What is the units digit of m?
8
Suppose 0 = 2*p - 3*r + 1539, r - 413 = p + 354. Let l = 596 - p. What is the tens digit of l?
5
Let c(x) = -47 + 63 - 36 + 10*x. Suppose 2*d - b - 41 = -d, 0 = -d + 3*b + 19. What is the hundreds digit of c(d)?
1
Let h(l) = -17 + 17 - 42*l - 15. What is the hundreds digit of h(-21)?
8
Suppose 59*h = 19*h + 1997360. What is the hundreds digit of h?
9
Suppose 3*z + z + 16 = 0, -2*b = 2*z + 48. Let m = b + 24. Suppose -2*h + 105 = -4*w - 17, 5*h - 375 = -m*w. What is the units digit of h?
1
Let a = 12733 + -4334. What is the hundreds digit of a?
3
Let u be (-2)/2 + 0 - (8 - 7). Let i be (5 - -2) + u/1. Suppose y + 0*y + 2*o - 140 = 0, i*o = -2*y + 279. What is the tens digit of y?
4
Let m(d) = -50*d + 33. Let q be m(-7). Let l = 545 - q. What is the hundreds digit of l?
1
Let t = 11788 + 29134. What is the units digit of t?
2
Suppose 5*w - l - 45 = 96, 3*w - 2*l = 86. Let d be (14/w)/((-1)/(-70)). What is the tens digit of (-1 + (-295)/d)*-7?
6
Suppose 2*f - d - 74 = -5*d, 0 = -2*d + 6. Suppose 5967 = -22*i + f*i. What is the hundreds digit of i?
6
Let s(b) be the second derivative of 7*b**4/12 - 2*b**3/3 - 3*b**2 + 2*b - 24. What is the units digit of s(-7)?
5
Suppose 4*r + 5 = o + 4, -2*o + 37 = -r. What is the tens digit of 1977/9 - (-7)/(o/4)?
2
Suppose 5*d + 10 = 485. Suppose -91*y - 1132 = -d*y. What is the tens digit of y?
8
Let g be (-1616)/(-3)*90/40. Let a = g + -636. What is the units digit of a?
6
Suppose 5*m - 3*s = 4*m, 0 = 4*m - 5*s - 14. Let t(i) = -6*i**2 + 4*i + 170. Let p be t(0). What is the hundreds digit of p - (-4)/8*m?
1
Let r = -46 + 57. Suppose 9*v + 8 = r*v. What is the tens digit of v/(12/147) - -1?
5
Suppose -107*i = -99*i - 22040. What is the units digit of i?
5
Let u(j) = j**3 - 16*j**2 + 66*j - 37. Let o(w) = 32*w - 80. Let b be o(3). What is the thousands digit of u(b)?
1
Let a = 101 - 85. What is the tens digit of 4894/a - (-17)/136?
0
Suppose -3*y + 171114 = -g - 82949, 3*y + 4*g - 254083 = 0. What is the thousands digit of y?
4
Let o(p) = -4*p + 12*p + 20 - 9*p. Let y be o(18). Let b(s) = 7*s**2 - s + 3. What is the tens digit of b(y)?
2
Suppose -6*z + 1186 = -4250. Suppose 5*a + g = 1820, 0 = 5*a + 2*g - 919 - z. What is the hundreds digit of a?
3
Let k = -14482 - -26548. What is the units digit of k?
6
Let y = -164 + 165. What is the units digit of 3266/8 - (y + (-70)/40)?
9
Let n(d) = -43*d - 70. Let h(c) = 7*c + 1. Let r(b) = 5*h(b) + n(b). What is the hundreds digit of r(-47)?
3
Let f be (33 - -8)*(5 - 2). Suppose 7536 = 131*o - f*o. What is the hundreds digit of o?
9
What is the thousands digit of ((-44)/((-1936)/(-110)))/((-23282)/(-23284) - 1)?
9
Let b(h) = h**3 - 81*h**2 + 400*h - 82. What is the units digit of b(81)?
8
What is the tens digit of -4*53*1862/(-392)?
0
Let l = 91 - 92. Let i be (0/((-5)/5))/l. Suppose 3*s = 4*y - y - 540, 2*y + s - 357 = i. What is the hundreds digit of y?
1
Suppose -2*p + 6*p = 0. Suppose -6 = -2*g, -3*f - 5*g = -p*g - 30. Suppose f*k - x - 80 = 4*k, k - 88 = 5*x. What is the tens digit of k?
7
Let u(t) = -3*t**2 + 22*t + 52. Let b be u(15). Let l = -227 - b. What is the units digit of l?
6
Suppose 2441*a + 6888675 = 2600*a. What is the tens digit of a?
2
Suppose 8493 = d + o - 2577, d - 11056 = o. What is the thousands digit of d?
1
Let o(x) = 10*x - 45. Let d(i) = -i**2 + 7*i + 23. Let s be d(9). Let w be o(s). Let l(p) = -p**3 + 10*p**2 + p + 4. What is the tens digit of l(w)?
3
Let h be ((-15)/(-9))/(10/(-270)). Suppose -b + 266 = 3*u - 0*b, -5*b + 84 = u. Let f = u + h. What is the tens digit of f?
4
Let o(n) = n - 1 + 5*n + 16. Let l be o(17). Suppose -4*r = -5*f - 542, 2*r + 3*f